164.
40
Calculate the remainder when 713 is divided by 11.
9
What is the remainder when 389 is divided by 78?
77
What is the remainder when 356 is divided by 71?
1
Calculate the remainder when 96 is divided by 84.
12
What is the remainder when 232 is divided by 139?
93
What is the remainder when 1649 is divided by 74?
21
What is the remainder when 1048 is divided by 50?
48
What is the remainder when 264 is divided by 136?
128
Calculate the remainder when 1440 is divided by 39.
36
Calculate the remainder when 4861 is divided by 17.
16
Calculate the remainder when 1768 is divided by 343.
53
What is the remainder when 3483 is divided by 1159?
6
Calculate the remainder when 50 is divided by 8.
2
Calculate the remainder when 6186 is divided by 4.
2
What is the remainder when 1304 is divided by 649?
6
What is the remainder when 177 is divided by 71?
35
What is the remainder when 504 is divided by 129?
117
What is the remainder when 4438 is divided by 60?
58
Calculate the remainder when 470 is divided by 79.
75
What is the remainder when 1186 is divided by 585?
16
What is the remainder when 435 is divided by 109?
108
Calculate the remainder when 961 is divided by 13.
12
Calculate the remainder when 12 is divided by 2.
0
Calculate the remainder when 85 is divided by 10.
5
Calculate the remainder when 422 is divided by 215.
207
Calculate the remainder when 239 is divided by 116.
7
What is the remainder when 435 is divided by 110?
105
What is the remainder when 218 is divided by 86?
46
What is the remainder when 80 is divided by 40?
0
What is the remainder when 841 is divided by 64?
9
Calculate the remainder when 233 is divided by 63.
44
Calculate the remainder when 634 is divided by 195.
49
What is the remainder when 10385 is divided by 47?
45
What is the remainder when 315 is divided by 6?
3
What is the remainder when 396 is divided by 8?
4
Calculate the remainder when 172 is divided by 50.
22
What is the remainder when 161 is divided by 11?
7
Calculate the remainder when 341 is divided by 325.
16
What is the remainder when 841 is divided by 163?
26
Calculate the remainder when 115 is divided by 61.
54
Calculate the remainder when 1607 is divided by 134.
133
Calculate the remainder when 30 is divided by 4.
2
Calculate the remainder when 56 is divided by 10.
6
What is the remainder when 177 is divided by 160?
17
What is the remainder when 4719 is divided by 8?
7
What is the remainder when 1059 is divided by 256?
35
Calculate the remainder when 877 is divided by 88.
85
What is the remainder when 260 is divided by 72?
44
What is the remainder when 12 is divided by 4?
0
What is the remainder when 491 is divided by 126?
113
Calculate the remainder when 2775 is divided by 925.
0
What is the remainder when 59 is divided by 4?
3
What is the remainder when 211 is divided by 74?
63
Calculate the remainder when 143 is divided by 42.
17
Calculate the remainder when 666 is divided by 191.
93
Calculate the remainder when 1349 is divided by 45.
44
Calculate the remainder when 79 is divided by 18.
7
What is the remainder when 235 is divided by 143?
92
Calculate the remainder when 285 is divided by 50.
35
Calculate the remainder when 32 is divided by 11.
10
What is the remainder when 208 is divided by 20?
8
Calculate the remainder when 731 is divided by 249.
233
Calculate the remainder when 322 is divided by 237.
85
What is the remainder when 521 is divided by 58?
57
What is the remainder when 150 is divided by 19?
17
Calculate the remainder when 312 is divided by 35.
32
What is the remainder when 72 is divided by 39?
33
What is the remainder when 11065 is divided by 31?
29
What is the remainder when 156 is divided by 48?
12
Calculate the remainder when 833 is divided by 49.
0
Calculate the remainder when 1671 is divided by 140.
131
Calculate the remainder when 1450 is divided by 22.
20
What is the remainder when 5 is divided by 4?
1
Calculate the remainder when 4228 is divided by 10.
8
What is the remainder when 487 is divided by 78?
19
Calculate the remainder when 697 is divided by 62.
15
Calculate the remainder when 398 is divided by 101.
95
Calculate the remainder when 321 is divided by 295.
26
What is the remainder when 82 is divided by 5?
2
Calculate the remainder when 1709 is divided by 143.
136
What is the remainder when 101 is divided by 12?
5
What is the remainder when 480 is divided by 21?
18
What is the remainder when 26138 is divided by 15?
8
What is the remainder when 2065 is divided by 24?
1
Calculate the remainder when 349 is divided by 25.
24
What is the remainder when 6715 is divided by 240?
235
Calculate the remainder when 512 is divided by 40.
32
What is the remainder when 21772 is divided by 67?
64
Calculate the remainder when 50156 is divided by 31.
29
Calculate the remainder when 1614 is divided by 325.
314
Calculate the remainder when 113 is divided by 38.
37
What is the remainder when 58 is divided by 58?
0
What is the remainder when 204 is divided by 23?
20
Calculate the remainder when 1034 is divided by 98.
54
Calculate the remainder when 87 is divided by 77.
10
What is the remainder when 45 is divided by 18?
9
What is the remainder when 76 is divided by 40?
36
What is the remainder when 396 is divided by 10?
6
What is the remainder when 1769 is divided by 10?
9
What is the remainder when 78 is divided by 43?
35
What is the remainder when 1495 is divided by 18?
1
Calculate the remainder when 14 is divided by 9.
5
Calculate the remainder when 38 is divided by 21.
17
Calculate the remainder when 1215 is divided by 568.
79
Calculate the remainder when 2438 is divided by 13.
7
Calculate the remainder when 11414 is divided by 62.
6
Calculate the remainder when 66 is divided by 43.
23
What is the remainder when 687 is divided by 335?
17
Calculate the remainder when 775 is divided by 26.
21
What is the remainder when 5124 is divided by 25?
24
What is the remainder when 98 is divided by 6?
2
What is the remainder when 94 is divided by 49?
45
What is the remainder when 166 is divided by 37?
18
Calculate the remainder when 1761 is divided by 4.
1
What is the remainder when 1122 is divided by 114?
96
What is the remainder when 1326 is divided by 18?
12
What is the remainder when 72 is divided by 37?
35
Calculate the remainder when 79 is divided by 10.
9
Calculate the remainder when 260 is divided by 85.
5
What is the remainder when 307 is divided by 8?
3
Calculate the remainder when 413 is divided by 78.
23
What is the remainder when 105 is divided by 55?
50
What is the remainder when 89 is divided by 25?
14
What is the remainder when 5905 is divided by 4?
1
What is the remainder when 135 is divided by 65?
5
Calculate the remainder when 1622 is divided by 162.
2
What is the remainder when 21183 is divided by 99?
96
What is the remainder when 2868 is divided by 125?
118
Calculate the remainder when 1214 is divided by 313.
275
What is the remainder when 2426 is divided by 16?
10
Calculate the remainder when 4715 is divided by 36.
35
Calculate the remainder when 238 is divided by 15.
13
What is the remainder when 3541 is divided by 1162?
55
What is the remainder when 403 is divided by 93?
31
What is the remainder when 108 is divided by 2?
0
What is the remainder when 6720 is divided by 81?
78
Calculate the remainder when 841 is divided by 79.
51
Calculate the remainder when 3564 is divided by 28.
8
Calculate the remainder when 1096 is divided by 48.
40
What is the remainder when 63 is divided by 36?
27
What is the remainder when 465 is divided by 12?
9
Calculate the remainder when 3637 is divided by 10.
7
Calculate the remainder when 331 is divided by 119.
93
What is the remainder when 207 is divided by 105?
102
What is the remainder when 5683 is divided by 49?
48
Calculate the remainder when 105 is divided by 19.
10
What is the remainder when 44 is divided by 43?
1
What is the remainder when 9691 is divided by 9?
7
What is the remainder when 3726 is divided by 266?
2
Calculate the remainder when 36041 is divided by 29.
23
What is the remainder when 521 is divided by 47?
4
Calculate the remainder when 657 is divided by 186.
99
Calculate the remainder when 124 is divided by 64.
60
Calculate the remainder when 194 is divided by 54.
32
Calculate the rem